*2 - 1/6*y**3 + 0 - 5*y. Calculate f(1).
0
Let u = 5 + -1. Let k(r) be the third derivative of -r**5/60 + r**4/6 - r**3 + 4*r**2 - 5. What is k(u)?
-6
Let p(j) = -j**3 + 4*j**2 - 2*j + 3. Suppose 2*b - 3*b + 12 = 5*o, 0 = 5*o + 5*b. What is p(o)?
6
Let j(y) = -5*y - 3. Suppose -3*w - 2*i - 3*i = -21, -i - 15 = -w. Let m be 8/w - (-4)/(-6). Let s = -2 - m. Give j(s).
7
Suppose -13 = -3*n - 1. Let m(a) be the third derivative of -a**7/5040 - a**6/240 + a**5/60 - 2*a**2. Let o(c) be the third derivative of m(c). Determine o(n).
-7
Let m(p) = -p + 10. Let s(j) = -1. Let b(v) = m(v) + 3*s(v). Suppose 0 = -f + 2*h + 14, 0*f = -f - 2*h - 2. Give b(f).
1
Let c(k) = -k**3 - 2*k**2 - 4*k - 4. Let v be c(-2). Let z(y) = y + 1. Calculate z(v).
5
Suppose -l - b + 12 = 4*l, -4*b - 12 = 0. Let z(y) = l*y + 2*y - 4*y - 5*y**2 - 6 + y**3. Determine z(5).
-1
Let w(o) be the first derivative of -5*o**4/4 - o**2/2 - 29. Suppose 1 = 3*c - 2. Give w(c).
-6
Let g(j) = j**2 + 9*j + 12. Let s be g(-8). Let t(k) = -k**3 + 5*k**2 - 6*k + 5. Determine t(s).
-3
Let w(z) be the second derivative of -z**3/3 - 3*z**2 + 7*z. Give w(-6).
6
Suppose -2*c - 5 = -c. Let j(x) = -x + 1. Suppose 2*h + 0*h = 8. Let k(f) = f**3 + 4*f**2 - 10*f + 4. Let b(o) = h*j(o) - k(o). Give b(c).
-5
Let j = -12 + 17. Let t(d) = 4*d**3 + d + 4. Let x(h) = 5*h**3 - h**2 + h + 4. Let y(i) = -6*t(i) + 5*x(i). What is y(j)?
-9
Let j(u) = u**2 + 2 - 3 - 3*u + 4*u - 2*u**3. Give j(1).
-1
Let j(v) be the second derivative of v**4/12 - v**3/6 - 5*v**2/2 - 42*v. Suppose 3*x - 5*f = 0, -5*f = 4*x - 0*f. What is j(x)?
-5
Let q(t) be the second derivative of -t**4/12 - t**3 + 5*t**2/2 + 5*t. Give q(-8).
-11
Let z(u) = -u**3 - 4*u**2 + 5*u - 6. Let t(c) = -2*c + 9. Let f be t(12). Let q be f/10*20/6. Determine z(q).
-6
Let a(s) = s**2 - 2*s + 1. Let d be a(-3). Let n be 2/6 + d/6. Let p(m) = -m**3 - 2*m**2 - m. Let t(y) = -y**2. Let q(l) = -p(l) + 6*t(l). What is q(n)?
-6
Let q = -4 - -3. Let c(m) be the second derivative of 0 + 2*m - 1/12*m**4 + 1/4*m**5 - 1/2*m**2 - 1/6*m**3. Calculate c(q).
-6
Let v(f) = -2*f**3 - f**2 - 6. Let b(n) = 2*n + 2*n - 4*n - 1 - n**3 - n**2 + n. Let w(l) = b(l) - v(l). What is w(0)?
5
Suppose -4 = 4*n - 16. Suppose -n*x = -x - 2. Let s(l) = -l**2 + l. Let t(a) = 7*a**2 - 5*a + 1. Let w(h) = 5*s(h) + t(h). Determine w(x).
3
Let z(l) = -2*l + l + 6 - 3. Let q be 50/13*-1 - (-4)/(-26). Calculate z(q).
7
Let d(a) be the second derivative of -a**5/20 - 5*a**4/12 - 5*a**3/6 - 2*a**2 - a. Let l = -14 + 10. Give d(l).
0
Let i(g) = 6*g - 2*g**2 + 3*g**2 - g - 6. Let h(a) = 2*a + 1. Suppose f - p = -2*p + 2, f + 3*p = 12. Let d be h(f). Give i(d).
-6
Let h be (-2)/8 + (-75)/(-12). Let u(f) = 0*f**2 - f + f**2 + 3*f**3 + 1 - h*f**3 + 2*f**3. What is u(2)?
-5
Let t = -25 - -25. Let r(c) = 4 - 2 - c + 0*c. What is r(t)?
2
Suppose 6 - 3 = -k, -4*b = 5*k + 31. Let y be 4/(-2) - (-1 - b). Let z(o) = o**2 + 4*o - 7. Determine z(y).
-2
Let f be 1/(110/36 + -3). Let r = f - 13. Let m(v) = v**2 - 3*v. Calculate m(r).
10
Let w(n) = n**3 + 1. Let b(o) = 7*o**2 + 8 + 11 - 28 - o**3 + 0*o**3 + 5*o. Let k(v) = b(v) + 2*w(v). Give k(-6).
-1
Let o(i) = i**3 + 4*i**2 + i + 2. Let q be o(-4). Let c be q - (-1)/(3/(-9)). Let l(w) = w**2 + 6*w + 7. What is l(c)?
2
Let i = 5 - 4. Let c(q) be the first derivative of q + q**4 + 0*q**2 - 1/3*q**3 - 1. Calculate c(i).
4
Suppose 0 = 18*k - 20*k. Let b(p) = p**2 - p - 16. Determine b(k).
-16
Let o(d) = -d**2 - 5*d. Let z be ((-8)/(-10))/(6/(-45)). Let w = z - -2. Determine o(w).
4
Suppose 12 = -2*u - 2*b, -4*b - 8 = 3*u - u. Let f(d) = -d - 3. Let r be f(u). Let t(j) = j - 3 - 4 - 3 + 3. Give t(r).
-2
Let w(s) = s + 9. Let r(u) = -2*u - 10. Let k(n) = 3*r(n) + 4*w(n). Determine k(4).
-2
Let n be ((-12)/16)/(2/8). Let z(g) = -g**3 - 2*g**2 + 2*g + 1. Determine z(n).
4
Suppose c + 4 = p, 0 = -0*c + 2*c + 4. Let r(j) = -5*j + 1. Let t(g) = 29*g - 6. Let o(q) = 34*r(q) + 6*t(q). Determine o(p).
6
Let p(y) = 13*y - y**2 - 1 + 6 - 13*y. Let s(f) = f**2 - 6*f + 5. Let h be s(5). What is p(h)?
5
Let w(i) = i**3 - 5*i**2 + 5*i - 1. Let g be w(4). Let l(d) = 9*d - d**2 - 9*d + 6*d**g + 1. What is l(-1)?
-6
Let g(n) be the third derivative of n**6/120 - n**5/60 - n**4/24 + 5*n**3/6 + 57*n**2. What is g(0)?
5
Let z(j) = 4*j**3 - 13*j**2 - j - 3. Let c(p) = 2*p**3 - 7*p**2 - p - 2. Let x(a) = -5*c(a) + 3*z(a). Suppose 0 = -5*f + 10, -3*w = f - 5*f + 2. Calculate x(w).
5
Let s(l) = l**2 + 6*l - 8. Let n be s(-8). Let c be (-4)/n*(1 + -1). Let r(x) = -10 + 3*x - 3*x + x. Calculate r(c).
-10
Let t(o) = o**2 - 2*o - 3. Let p = -124 - -64. Let a be 128/p + 2/15. Determine t(a).
5
Let c = -55 + 55. Let i(r) be the second derivative of -r**5/20 + r**3/6 + 5*r**2/2 + r. Determine i(c).
5
Let f(i) be the third derivative of 1/60*i**5 + 0*i**3 + 0 + 0*i + 1/4*i**4 + 9*i**2. Determine f(-5).
-5
Let n be (3/1 - 3)/(-1). Suppose -3*j = j. Let u(g) = g - 3 + j*g - 5. What is u(n)?
-8
Let c be 12/(-5) + (-4)/(-10). Let b(g) be the first derivative of g**4/4 + 4*g**3/3 + 3*g**2/2 + g - 27. Calculate b(c).
3
Let c(s) = -35*s - 1 - 8*s**2 + 3 - s**3 + 44*s. What is c(-9)?
2
Let h(a) = a**2 + 4*a + 2. Suppose 20*k + 27 = 11*k. Give h(k).
-1
Let b = -8 - -11. Suppose -2 - b = -5*j, -t - j = -5. Suppose -19 = -3*a + t*i, -3*i = -2*a - i + 10. Let d(g) = -5*g**3 - 1. Determine d(a).
-6
Let d(g) be the first derivative of 7*g**4/4 - 2*g**3/3 + g**2 - g + 1. Let w(b) = -b**2 - 2*b + 3. Let s be w(0). Suppose 2 = 5*r - s. What is d(r)?
6
Let g(u) = 7*u + 1. Suppose -2*z = -26 - 10. Let p = z + -8. Suppose -4*t = -2*m + 8, 4*t - 4*m + p + 2 = 0. Give g(t).
-6
Let i(r) = r**2 - r + 31. Let s be i(0). Let x = s - 20. Suppose 2*l + 4*w = 1 + x, w + 4 = 3*l. Let g(z) = 2*z**2 - 2*z + 1. Determine g(l).
5
Let a(g) = g**2 + 4*g + 3. Suppose -q - q - x = -9, 4*q + 5*x - 9 = 0. Let f = -10 + q. Determine a(f).
3
Let u(n) = -1. Let i(l) = 4*l + 4. Let f(d) = i(d) + 5*u(d). Let k(j) = j + 8. Let v be ((-21)/6*-2)/(-1). Let t be k(v). What is f(t)?
3
Let q(v) = -9 - 13*v + 0*v - v**2 + 5*v. Give q(-6).
3
Suppose -2*t - 4 = -4*t. Let l(w) = t*w**2 - 1 + 0*w**2 + 4*w**2. Suppose -y + 2 = y. Give l(y).
5
Let g(i) = i + 10. Let u(r) = r**2 + 12*r + 7. Let l be u(-12). Let p = -13 + l. Give g(p).
4
Let v(k) = 8 - k**3 + 3*k**2 + 2*k**2 - 10 + 7*k. Determine v(6).
4
Let w(g) = -3*g**3 + 6*g + 3. Let k(z) = -7*z**3 - z**2 + 13*z + 6. Let p(c) = 4*k(c) - 9*w(c). Give p(-3).
-6
Let x be (-32)/112 + 22/28. Let a(p) be the second derivative of 1/6*p**4 + 0 - x*p**3 - 2*p + 3/2*p**2. Give a(2).
5
Let v(t) = -7*t**2 - 5*t + 3. Let p(h) = -6*h**2 - 5*h + 3. Let r(u) = -6*p(u) + 5*v(u). Calculate r(-6).
3
Suppose 8*j - 9*j = 0. Let g(f) = -6*f + j + 4 + f - f**2. Calculate g(-6).
-2
Let b(t) be the second derivative of -t**3/6 + 3*t**2/2 - 14*t. Determine b(6).
-3
Suppose 3*m + 49 = 1. Let x(r) = 2*r - 5. Let w(l) = 6*l - 16. Let y(k) = m*x(k) + 5*w(k). Calculate y(-6).
12
Let p be (-2)/(-7) - (-312)/(-14). Let n be (p/(-6))/(2/(-6)). Let c = -7 - n. Let l(z) = -z**3 + 6*z**2 - 6*z. Give l(c).
8
Suppose -7 = -4*c - 3. Let l(n) = 8*n**2 - n. Calculate l(c).
7
Let r(p) = -p - 2. Let c be r(-3). Let t(o) be the third derivative of -o**4/8 + o**2 - 24. What is t(c)?
-3
Suppose -3*m - l - l = -6, 5*l = 2*m - 4. Let r(v) = 14 + 2*v**2 + 0*v + v**2 - 15 + m*v. Calculate r(-2).
7
Suppose 2*m = -2*m - 5*s + 12, 2*m = s + 6. Let u(h) = 30 - 30 - h. What is u(m)?
-3
Let c be (6 - 2)*(-2)/4. Let w(k) = -k**3 - 6*k**2 - 3*k - 1. What is w(c)?
-11
Let v = -1 - 4. Let n = -3 - v. Suppose -n = -3*t + t. Let x(l) = -4*l + 1. Give x(t).
-3
Suppose 2 + 1 = k. Let m(g) = -g**3 + 5*g**2 - 4*g + 2. What is m(k)?
8
Suppose -4*t + 4*f + 28 = -0*f, 5*f = -2*t. Let x(g) = 2*g - 5. Let o be x(t). Suppose -4 + 29 = -o*z. Let a(i) = -i**3 - 4*i**2 + 5*i - 4. Calculate a(z).
-4
Let b(r) = r - 1. Let f = -36 + 33. Calculate b(f).
-4
Let z(s) = 3*s**2 - s. Let f = 11 + -12. Calculate z(f).
4
Let t(a) = -a - 8. Let b be t(-4). Let k(d) = -d**2 - 5*d - 6. What is k(b)?
-2
Let m(b) = 3*b**3 - 7*b**2 + 2*b + 5. Let k(g) = -7*g**3 + 15*g**2 - 3*g - 11. Let a(v) = -4*k(v) - 9*m(v). Let p be (2*-2*1)/1. Give a(p).
7
Suppose 34 - 10 = 3*z. Let x = 13 - z. Let n(p) =